 when 1649473 is divided by 1096.
1089
Calculate the remainder when 15645148 is divided by 27.
25
What is the remainder when 22041642 is divided by 1268?
1266
What is the remainder when 5736574 is divided by 2868018?
538
Calculate the remainder when 121290 is divided by 30308.
58
Calculate the remainder when 362359 is divided by 747.
64
What is the remainder when 22195273 is divided by 186514?
107
What is the remainder when 148481902 is divided by 253?
250
Calculate the remainder when 1462774 is divided by 4909.
4801
Calculate the remainder when 60212567 is divided by 135920.
7
What is the remainder when 239672 is divided by 119834?
4
What is the remainder when 10036935 is divided by 13844?
35
Calculate the remainder when 853081 is divided by 284055.
916
What is the remainder when 56886696 is divided by 410?
16
What is the remainder when 10442878 is divided by 218?
24
Calculate the remainder when 78674 is divided by 11233.
43
What is the remainder when 10482904 is divided by 236?
20
Calculate the remainder when 326234 is divided by 956.
238
What is the remainder when 2382723 is divided by 1116?
63
What is the remainder when 298503 is divided by 147447?
3609
Calculate the remainder when 60059 is divided by 91.
90
What is the remainder when 954993700 is divided by 39?
37
Calculate the remainder when 13041371 is divided by 651.
539
What is the remainder when 4325920 is divided by 800?
320
What is the remainder when 615258 is divided by 87875?
133
What is the remainder when 301616 is divided by 23?
17
What is the remainder when 378803 is divided by 652?
643
Calculate the remainder when 252683 is divided by 1208.
211
Calculate the remainder when 34035 is divided by 33974.
61
What is the remainder when 138292 is divided by 4320?
52
Calculate the remainder when 88381790 is divided by 53.
50
Calculate the remainder when 1770029 is divided by 442504.
13
Calculate the remainder when 1322262 is divided by 491.
490
Calculate the remainder when 6396418 is divided by 3198200.
18
Calculate the remainder when 1191984 is divided by 148636.
2896
What is the remainder when 6140384 is divided by 101?
89
What is the remainder when 306035474 is divided by 11075?
11074
Calculate the remainder when 2299461 is divided by 3911.
3704
Calculate the remainder when 1238480 is divided by 106.
82
Calculate the remainder when 48620099 is divided by 24310028.
43
What is the remainder when 4963623 is divided by 9546?
9249
Calculate the remainder when 1017845 is divided by 508849.
147
What is the remainder when 121791768 is divided by 10?
8
What is the remainder when 74647 is divided by 3832?
1839
What is the remainder when 14461246 is divided by 120510?
46
Calculate the remainder when 189417 is divided by 47011.
1373
Calculate the remainder when 902922 is divided by 300863.
333
What is the remainder when 47195 is divided by 984?
947
What is the remainder when 23864 is divided by 5208?
3032
What is the remainder when 10109 is divided by 816?
317
What is the remainder when 175242 is divided by 3078?
2874
Calculate the remainder when 5836808 is divided by 4.
0
Calculate the remainder when 453636 is divided by 151190.
66
Calculate the remainder when 4783838 is divided by 2683.
49
What is the remainder when 596360 is divided by 901?
799
What is the remainder when 484639 is divided by 241747?
1145
Calculate the remainder when 29432832 is divided by 279.
6
What is the remainder when 35623 is divided by 11819?
166
Calculate the remainder when 1017233 is divided by 2810.
13
What is the remainder when 1066774 is divided by 1084?
118
What is the remainder when 1374273419 is divided by 12220?
12219
Calculate the remainder when 7818337 is divided by 431.
428
What is the remainder when 20722697 is divided by 188?
21
Calculate the remainder when 70347896 is divided by 55.
36
Calculate the remainder when 11746367 is divided by 729.
719
What is the remainder when 3819767 is divided by 1909807?
153
Calculate the remainder when 27375 is divided by 1259.
936
What is the remainder when 413053 is divided by 541?
270
Calculate the remainder when 894256 is divided by 329.
34
Calculate the remainder when 462389 is divided by 50.
39
What is the remainder when 34781 is divided by 13619?
7543
What is the remainder when 2263474 is divided by 3104?
658
What is the remainder when 23644 is divided by 2042?
1182
What is the remainder when 37723743 is divided by 210?
183
Calculate the remainder when 1232273 is divided by 201.
143
Calculate the remainder when 886478 is divided by 718.
466
Calculate the remainder when 11979714 is divided by 1711384.
26
What is the remainder when 9726862 is divided by 527?
23
Calculate the remainder when 1730257 is divided by 13624.
9
What is the remainder when 213699 is divided by 1013?
969
What is the remainder when 2199653 is divided by 489?
131
What is the remainder when 10021661 is divided by 1266?
5
Calculate the remainder when 14699836 is divided by 3699.
10
What is the remainder when 501539 is divided by 20?
19
Calculate the remainder when 72068 is divided by 3596.
148
What is the remainder when 433643 is divided by 199?
22
What is the remainder when 690026 is divided by 888?
50
What is the remainder when 2547678 is divided by 978?
966
Calculate the remainder when 28429162 is divided by 5685832.
2
What is the remainder when 443914 is divided by 2018?
1972
Calculate the remainder when 442769 is divided by 5031.
41
Calculate the remainder when 15213 is divided by 15177.
36
Calculate the remainder when 8331 is divided by 8153.
178
Calculate the remainder when 7662615 is divided by 7662609.
6
Calculate the remainder when 32642 is divided by 9.
8
What is the remainder when 3666944 is divided by 4781?
4698
What is the remainder when 32667 is divided by 16101?
465
Calculate the remainder when 7559847 is divided by 146.
113
Calculate the remainder when 9722811 is divided by 360104.
3
Calculate the remainder when 134342 is divided by 44541.
719
What is the remainder when 5857552 is divided by 1633?
1614
What is the remainder when 142074713 is divided by 196?
193
Calculate the remainder when 2167272 is divided by 213.
210
Calculate the remainder when 12003818 is divided by 921.
425
Calculate the remainder when 3034432 is divided by 2901.
2887
What is the remainder when 2134535 is divided by 3151?
1308
What is the remainder when 845760 is divided by 516?
36
What is the remainder when 154505046 is divided by 2575084?
6
What is the remainder when 3376149 is divided by 1344?
21
What is the remainder when 63770 is divided by 624?
122
Calculate the remainder when 1978392 is divided by 10752.
24
Calculate the remainder when 342416 is divided by 11412.
56
Calculate the remainder when 85576 is divided by 2953.
2892
Calculate the remainder when 646415 is divided by 1052.
487
What is the remainder when 14281248 is divided by 78?
72
Calculate the remainder when 215705 is divided by 999.
920
Calculate the remainder when 47255041 is divided by 2713.
7
What is the remainder when 2061800 is divided by 1030807?
186
What is the remainder when 341339 is divided by 530?
19
What is the remainder when 268091 is divided by 66782?
963
Calculate the remainder when 123384006 is divided by 123383996.
10
Calculate the remainder when 230592 is divided by 28388.
3488
Calculate the remainder when 540359 is divided by 72.
71
Calculate the remainder when 5432848 is divided by 2405.
2358
Calculate the remainder when 4259935 is divided by 8.
7
Calculate the remainder when 14384678 is divided by 499.
5
What is the remainder when 1377968 is divided by 72524?
12
Calculate the remainder when 453125 is divided by 20596.
13
What is the remainder when 836679 is divided by 167330?
29
What is the remainder when 333724 is divided by 8293?
2004
What is the remainder when 25077447 is divided by 136?
135
What is the remainder when 5124323 is divided by 55100?
23
Calculate the remainder when 1009499 is divided by 40379.
24
Calculate the remainder when 192712 is divided by 17.
0
Calculate the remainder when 554549 is divided by 2653.
72
Calculate the remainder when 203072 is divided by 15472.
1936
What is the remainder when 582837 is divided by 29?
24
Calculate the remainder when 32012 is divided by 7945.
232
Calculate the rem